7). Suppose 3*w - q = -13. What are the prime factors of (-5)/((-5)/w) - -5?
3
Let y = 77 - 77. Suppose -6*g + 12*g - 312 = y. List the prime factors of g.
2, 13
Suppose 8124 = 484*d - 478*d. List the prime factors of d.
2, 677
Let s(a) = -2*a - 2. Let l be s(2). Let z = 4 + l. List the prime factors of (-2)/z*-19*-1.
19
Let s = 59 - 31. Let p(f) = -4*f**2 + 4*f + 7. Let u be p(3). Let b = u + s. List the prime factors of b.
11
Suppose -3*j - j = -2*n + 2222, n + 2*j - 1127 = 0. List the prime factors of n.
3, 373
Let u be -4 + (-9)/((-27)/24). Suppose -379 = u*z - 1591. List the prime factors of z.
3, 101
Let t be -4 - -2 - (0 + -38). Let x be -3*(-75)/t*4. Suppose 5*y - x = -0*y. List the prime factors of y.
5
Let p(c) = -c**3 + 4*c**2 - 2*c + 8. Let o be p(4). What are the prime factors of (1 + 1)*((-210)/(-6) + o)?
2, 5, 7
Let l = 2293 + -1493. What are the prime factors of l?
2, 5
Let k be -2 + (1 + -4 - -9). Suppose -m - 90 = -k*m. List the prime factors of m.
2, 3, 5
Suppose 2*d + 75 = -3*d. Let y be (d/(-10))/((-2)/(-4)). Suppose 5*x - 2*o - 17 = 62, -42 = -3*x + y*o. What are the prime factors of x?
17
Let a(q) = q**3 - 21*q**2 + 40*q - 31. List the prime factors of a(22).
31, 43
Suppose -7623 = -23*q + 772. What are the prime factors of q?
5, 73
Suppose 11*o - 504 = 2*o. Let h = o - -10. What are the prime factors of h?
2, 3, 11
Suppose -12 = 7*d + 2. Let c be (28 - d) + -8 + 9. Suppose 0 = -c*j + 34*j - 72. What are the prime factors of j?
2, 3
Let p be (-13)/(-3) + 4/6. Suppose -4*w - 10 = f, 4*f = p*w + 1 + 1. What are the prime factors of ((-1)/w)/(1/56)?
2, 7
Let m = 362 - 77. Suppose -35 + m = 2*t. What are the prime factors of t?
5
Suppose -60 = -s - s. What are the prime factors of s?
2, 3, 5
Let b(w) = -2*w**2 + 12*w - 4. Suppose -4 = 5*x - 29. Let c be b(x). Suppose 0 = 4*i - 16, c*p + 2*i - 44 = 2*p. List the prime factors of p.
3
Let r be (15/(-5))/(6*4/(-104)). Suppose 3*s + 2*k = 7 - 3, 3*s + k = 5. Suppose 0 = s*x + 3*x - 3*l - 133, -x + 4*l = -r. What are the prime factors of x?
29
Let h(y) = 8*y**3 + y**2 + 4*y - 3. Let d be h(3). Let r = -131 + d. List the prime factors of r.
103
Let j = 353 + -180. What are the prime factors of j - 5/10*-2?
2, 3, 29
Let c be ((-3)/3 - 1) + 165. Let b = -94 + c. Let h = b - 40. What are the prime factors of h?
29
Suppose 0 = 14*m - 9*m - 5850. Suppose -4*d = -d - m. Suppose -10*f + d = -4*f. What are the prime factors of f?
5, 13
Let q = 53 - 47. Suppose -q = -5*v + 179. List the prime factors of v.
37
Let b(g) = -g**2 + 38*g**2 - 2*g - 3 - 4*g**2 - g. Let z be b(-2). List the prime factors of z/3 + (-5 - -5).
3, 5
Let l be 9/((-18)/32)*(10 - -3). Let s = 532 + l. What are the prime factors of s?
2, 3
Suppose -4*g = 2*b - 174, 4*b - 345 = -5*g - 0*g. Let z = -45 + b. Suppose 14 = 3*p - z. List the prime factors of p.
2, 3
Suppose 5*r = 2*o - o + 11, -3*o + 3*r - 21 = 0. Let b = o + 121. List the prime factors of b.
5, 23
Suppose 56*y = -4*n + 52*y + 13672, 2*n + 3*y = 6838. What are the prime factors of n?
2, 7, 61
Let h(y) = 25*y + 30*y + 3 - 79*y. List the prime factors of h(-2).
3, 17
Let w(y) = -562*y - 6. What are the prime factors of w(-2)?
2, 13, 43
What are the prime factors of 7 + -7 + 1*286?
2, 11, 13
Let y(h) = -645*h + 5. Let u be y(-3). Suppose -u = -10*w - 770. List the prime factors of w.
3, 13
Let w(c) be the second derivative of c**6/240 - c**5/120 - 2*c**4/3 + c. Let q(s) be the third derivative of w(s). What are the prime factors of q(6)?
17
Let t be (-4)/(-1)*45/20. Let u(c) = -2*c + 3. Let j be u(t). Let f = j + 35. List the prime factors of f.
2, 5
Let i(x) = x**3 + 6*x**2 + x - 4. Suppose -1 = -j + 3*v - 13, -2*j + 6 = 4*v. Let z = j - 1. What are the prime factors of i(z)?
2, 3
Let k = -1153 + 2112. List the prime factors of k.
7, 137
Let d(k) = -5 + 0 - 2*k - k. Let p be d(-3). Suppose 0*w + 5*f - 92 = -3*w, -p*w + 116 = 5*f. What are the prime factors of w?
2, 3
Suppose -f + 3 = 0, 0 = -3*z + 6*z + 2*f - 84. What are the prime factors of z?
2, 13
Let w be 6*3/9*4 + 1. Let c(y) be the first derivative of y**2 - 12*y + 1. What are the prime factors of c(w)?
2, 3
Suppose 6*p - 10484 = -3500. List the prime factors of p.
2, 3, 97
Suppose 3*i - 880 = -2*k - 2*i, -1760 = -4*k - 2*i. What are the prime factors of k?
2, 5, 11
Let q(b) = b + 1. Suppose -4*n + 7 + 10 = -5*l, 5*l + 3*n - 4 = 0. Let h be q(l). Suppose h = -4*r + 2 + 50. List the prime factors of r.
13
Let x(t) = -t**3 - 20*t**2 + 67*t + 139. What are the prime factors of x(-26)?
11, 223
List the prime factors of (-824)/(-7)*(-133)/(-38).
2, 103
Let l = -10 + 20. Suppose 3*g = -4*r - 33 - 212, 0 = 3*g + 5*r + 250. List the prime factors of (-906)/(-45) + l/g.
2, 5
Suppose 0 = -4*t + 799 + 505. List the prime factors of t.
2, 163
Suppose 6*h - 2789 = 4*h + 5*f, -5*h + 3*f + 7001 = 0. What are the prime factors of h?
2, 701
Suppose 2*o + 6865 = 5*w, 31*w - 5*o - 5475 = 27*w. List the prime factors of w.
5, 11
Let w(g) = -g**3 - g + 9. Let n be (44*1)/(-4) + 0. Let i = n - -11. What are the prime factors of w(i)?
3
Let x(w) = -w**2 + 14*w - 8. Let t be x(7). Suppose 3*q + 2*j - t = 0, 3*q = -4*j + 43 + 6. What are the prime factors of q?
11
Let s(i) = i**2 - 14*i - 76. Let w be s(18). What are the prime factors of ((-728)/21 - w)*(-9)/2?
2, 3, 23
Suppose 102 = -3*s - p, -3*s - 3*p = -4*p + 102. Let t = s + 79. What are the prime factors of t?
3, 5
Let z(d) = -28*d - 51. Let a be z(-11). Let i = a + -167. What are the prime factors of i?
2, 3, 5
Let y(j) = -2*j + 6. Let l(i) = -4*i + 11. Let p(n) = 3*l(n) - 5*y(n). Suppose -56 = -2*u - 62. What are the prime factors of p(u)?
3
Let z(r) = r**2 + r - 8. Let p(x) = 3*x - 14. Let m be p(7). Let q be z(m). Let v = -29 + q. List the prime factors of v.
19
Let h be 3/18*179 - 4/(-24). Suppose -4*m + 0*m = 4*l - 24, 5*m = 5*l - h. List the prime factors of l.
2, 3
Let y be (7/2)/((-1)/(-26)). Let u = y + -20. Suppose 3*s = -3*a - a + u, -2*a = -5*s + 75. What are the prime factors of s?
17
Let i(z) be the second derivative of -1/4*z**4 - 2/3*z**3 - 1/2*z**2 + 4*z - 1/20*z**5 + 0. What are the prime factors of i(-3)?
11
Let y be (20/80)/((-2)/(-728)). Let a = y - -102. List the prime factors of a.
193
Suppose 4*g - 4*o - 11524 = 0, 17*g - 2861 = 16*g - 3*o. What are the prime factors of g?
2, 719
Suppose 5*q - 12*q + 1477 = 0. Let d = 404 - q. What are the prime factors of d?
193
Let l(f) = -f**3 + f**2 - 4*f - 27. Let s be l(-9). Suppose -s + 297 = -6*z. What are the prime factors of z?
3, 29
Let j(r) = -r + 12. Let o(q) = -q**2 + 10*q + 14. Let d be o(11). Suppose z + d = 3*b, -5*b + 0*b + 15 = 0. What are the prime factors of j(z)?
2, 3
Suppose -12 = -3*h - h. Suppose 0*n - 5*r = n - 31, h*n - 65 = -r. Let f = n - 13. What are the prime factors of f?
2
Let m(r) be the first derivative of -r**4/4 + 5*r**2/2 - 7*r + 4. Let b be m(-3). Suppose -204 = b*p - 8*p. What are the prime factors of p?
2, 17
Let r be 12/54 + (-2)/9. Suppose 3*i + 4*w - 435 = 96, -2*i - 2*w + 352 = r. List the prime factors of i.
173
Let g = -27 - -7. Let x = g + 39. List the prime factors of x.
19
Let x = 2434 + -1581. What are the prime factors of x?
853
Suppose 2*k + 4403 = 6*k + m, 4*k - 3*m - 4423 = 0. Suppose -k = -l - 18*l. What are the prime factors of l?
2, 29
Let d be (-9)/12 + 19/4. Let b(l) = -2*l**3 + 5*l**2 + 5*l + 1. Let j be b(d). Let s = j + 61. List the prime factors of s.
2, 17
List the prime factors of (826/295)/(-2 + (-1392)/(-695)).
7, 139
Let r(l) = 22*l + 19. List the prime factors of r(19).
19, 23
Let q(t) = -16*t**3 - 119*t**2 - 130*t - 24. Let r(w) = 3*w**3 + 24*w**2 + 26*w + 5. Let h(c) = -2*q(c) - 11*r(c). What are the prime factors of h(-25)?
2, 3
Suppose 3*a = -3, -2*p - 4*a + 3 = 1. Suppose 3*l - p*y - 129 = 0, -5*l = -4*y + 2*y - 203. What are the prime factors of l?
3, 13
Let h(i) = -9*i - 7. Let f be h(-2). Suppose 3*r + 2 = f. What are the prime factors of (0/(-4))/r + 18?
2, 3
Let j(r) = 3*r + 1. Let a(t) = -2*t**3 - t**2 + 3*t + 2. Let z be a(-2). Suppose -4*g + z = -0*g. What are the prime factors of j(g)?
7
Let r(n) = 18*n + 15. Let j be r(-15). List the prime factors of -2 + (-5 - -4) - (0 + j).
2, 3, 7
Let l be 27/18*14/(-3). Let n = l + 29. List